= 42*u**2 + 1683*u + 217. Give h(-40).
97
Let t(n) = 3*n**2 - 380*n - 11082. Determine t(151).
-59
Let m(i) = 157*i**2 + 57*i - 12. Determine m(1).
202
Let j(i) = 23*i**2 + 8636*i - 4487. Calculate j(-376).
25
Let o(f) = -f**2 - 192963*f - 578877. What is o(-3)?
3
Let i(d) = 8*d**3 + 28*d**2 - 15*d - 131. Give i(-8).
-2315
Let d(z) = -29296*z + 878926. Calculate d(30).
46
Let b(q) = -2*q**3 + 97*q**2 + 49*q + 39. Calculate b(49).
39
Let v(n) = 5389*n + 1024086. What is v(-190)?
176
Let k(n) = -81747*n + 735751. Calculate k(9).
28
Let v(z) = 110*z**2 + 137*z + 17. Give v(-1).
-10
Let c(l) = 340*l - 742. What is c(1)?
-402
Let p(y) = 8*y**2 - 1561*y + 34110. What is p(25)?
85
Let z(f) = 28*f**2 + 3343*f + 19028. Give z(-6).
-22
Let l(h) = 860*h**2 + 29237*h + 41. What is l(-34)?
143
Let k(w) = 2*w**3 - 17*w**2 + 29*w - 19. Determine k(11).
905
Let z(b) = -5*b**2 - 26*b - 42. What is z(-6)?
-66
Let b(w) = -15*w**2 + 140*w + 144. Give b(10).
44
Let w(v) = v**3 - 16*v**2 + 152*v - 1433. What is w(14)?
303
Let h(w) = 211*w - 402. Calculate h(6).
864
Let a(l) = -40*l - 313. What is a(-35)?
1087
Let h(t) = -19503*t**2 - 1228687*t + 83. Calculate h(-63).
-43
Let z(t) = 3*t**3 - 2*t**2 + 282. What is z(-11)?
-3953
Let k(z) = 21820*z - 1571059. Determine k(72).
-19
Let g(l) = 291*l - 118954. Determine g(409).
65
Let g(p) = -598*p + 40366. Give g(69).
-896
Let t(s) = -122*s + 9430. Determine t(77).
36
Let i(n) = 31*n**2 + 517*n - 3843. What is i(7)?
1295
Let i(j) = 21*j**2 + 28*j + 105. What is i(-7)?
938
Let u(d) = d**3 + 27*d**2 - 104*d - 446. Calculate u(-30).
-26
Let x(c) = 124*c**2 - 21578*c + 236. Calculate x(174).
-112
Let w(p) = -p**3 + 82*p**2 + 77*p - 4173. What is w(82)?
2141
Let t(b) = 4953*b + 2159504. What is t(-436)?
-4
Let n(u) = -3141*u + 954850. What is n(304)?
-14
Let r(v) = -3*v**2 + 3837*v + 150137. Give r(-38).
-1
Let s(j) = -1455*j - 2827. What is s(-2)?
83
Let m(b) = -b**3 - 19*b**2 - 8265*b - 89942. Calculate m(-11).
5
Let x(r) = -195032*r - 8581403. Give x(-44).
5
Let v(n) = 2*n**3 - 324*n**2 + 3158*n - 511592. Calculate v(162).
4
Let r(f) = f**3 + 4*f**2 - 63985*f - 383823. What is r(-6)?
15
Let m(g) = 3*g**3 - 7*g**2 - 28*g - 9. What is m(-6)?
-741
Let w(r) = -r**2 - 76*r + 1668. What is w(16)?
196
Let v(j) = -9916*j + 79275. Determine v(8).
-53
Let s(r) = 182*r**2 - 84272*r + 2627. Give s(463).
-151
Let r(s) = -3*s**2 - 85*s + 276. Determine r(-32).
-76
Let y(z) = 1149*z - 8322. What is y(7)?
-279
Let k(h) = -4*h**3 + 351*h**2 + 2724*h + 2895. What is k(95)?
-50
Let a(u) = u**2 + 876*u + 163638. Calculate a(-270).
18
Let b(x) = -20*x**3 + 7*x**2 - 86*x + 99. What is b(3)?
-636
Let d(g) = -7132*g + 221095. What is d(31)?
3
Let z(n) = -104*n**3 + 906*n**2 - 905*n - 1. Give z(1).
-104
Let p(a) = -331*a + 38873. Calculate p(123).
-1840
Let j(x) = -7425*x - 59358. What is j(-8)?
42
Let r(c) = -c**2 + 78200*c + 1955607. Calculate r(-25).
-18
Let t(b) = -b**3 + 3*b**2 + 116*b + 82. Determine t(0).
82
Let z(v) = v**3 + 47*v**2 + 240*v + 2. Calculate z(-6).
38
Let z(b) = 2*b**3 + 978*b**2 - 1009*b - 14245. Determine z(-490).
-35
Let p(s) = -s - 234. Calculate p(181).
-415
Let l(t) = -4404*t - 17712. Determine l(-4).
-96
Let i(q) = -540*q - 46746. Determine i(-87).
234
Let w(s) = -s**3 + 194*s**2 + 39497*s - 20654. Calculate w(318).
16
Let a(r) = -r**3 - 382*r**2 - 1216*r - 173260. Determine a(-380).
20
Let a(h) = -2*h**3 + 150*h**2 + 48*h - 487. Determine a(75).
3113
Let t(n) = -2*n**2 + 147837*n + 443521. Give t(-3).
-8
Let c(p) = 2*p**3 + 13*p**2 - 5105*p - 35531. What is c(-7)?
155
Let b(u) = -2*u**3 + 23*u**2 + 233*u - 75. What is b(0)?
-75
Let g(s) = -4255*s - 456179. Determine g(-107).
-894
Let s(w) = 34*w**2 + 897*w - 3596. What is s(4)?
536
Let u(h) = 3*h**3 - 110*h**2 - 10735*h - 3104. Determine u(81).
-26
Let u(t) = -31194*t + 998180. Determine u(32).
-28
Let c(h) = -247*h + 2023. What is c(8)?
47
Let j(w) = 4430*w - 9184. What is j(2)?
-324
Let a(u) = 698*u**2 + 2815*u - 1. Calculate a(-4).
-93
Let m(o) = o**3 + 19*o**2 + 1823*o + 14494. Determine m(-8).
614
Let h(z) = 15*z**3 - 332*z**2 + 7*z + 588. Determine h(22).
-226
Let q(w) = 27*w**2 - 940*w - 1890. Determine q(-2).
98
Let w(i) = 120*i**3 + 358*i**2 + 116*i + 366. Determine w(-3).
0
Let c(w) = w**3 + 173*w**2 + 3186*w - 963. What is c(-152)?
-51
Let j(s) = -s**3 + 6*s**2 + 105*s + 211. Determine j(15).
-239
Let b(w) = 5*w**2 - 3399*w + 85011. Determine b(26).
17
Let j(b) = 6*b**2 + 179*b + 843. Calculate j(-8).
-205
Let s(x) = 2*x**2 + 1335*x + 34564. Give s(-27).
-23
Let s(c) = -2*c**2 - 452*c - 6338. What is s(-15)?
-8
Let m(n) = -26*n - 886. Determine m(-32).
-54
Let i(s) = 2438*s - 565661. Give i(232).
-45
Let f(x) = x**3 + 1435*x**2 - 69651*x - 113. Determine f(47).
28
Let z(a) = -13*a**2 - 1654*a + 1307. Calculate z(-128).
27
Let t(i) = -489*i - 3544. Determine t(-15).
3791
Let n(r) = r**3 - 54*r**2 + 241*r - 245. Calculate n(49).
-441
Let q(i) = 1293*i - 28374. Calculate q(22).
72
Let c(t) = 7765*t - 2127701. What is c(274)?
-91
Let f(v) = -8*v**2 - 504*v + 185. What is f(-63)?
185
Let f(i) = 88*i + 23437. Determine f(-255).
997
Let m(p) = -3*p**3 + 10*p**2 + 17*p - 14. Determine m(-6).
892
Let h(j) = 12888*j - 296391. Determine h(23).
33
Let k(s) = 3*s**2 + 601*s - 40909. Calculate k(-254).
-15
Let k(q) = 3*q**3 - 468*q**2 + 13920*q + 80. Determine k(116).
80
Let u(z) = 132*z + 8664. Give u(-51).
1932
Let o(z) = 14*z**2 - 3138*z + 88301. Calculate o(33).
-7
Let n(s) = -s**2 + 496*s + 82909. Calculate n(628).
13
Let h(v) = 80*v**2 - 836*v + 431. Determine h(10).
71
Let m(t) = 36*t**3 + 10870*t**2 - 602*t + 686. Give m(-302).
82
Let t(z) = -z**3 - z**2 + 289*z - 46. Calculate t(16).
226
Let m(p) = p**3 + 8*p**2 + 9*p + 265. Give m(-12).
-419
Let d(r) = 1503*r - 72244. What is d(48)?
-100
Let g(z) = -39*z**2 + 935*z - 2044. What is g(22)?
-350
Let h(t) = 2*t**2 + 1230*t + 151853. Calculate h(-444).
5
Let s(q) = -14*q**2 + 23754*q + 71391. Give s(-3).
3
Let u(y) = -2909*y - 256189. Calculate u(-88).
-197
Let l(y) = -2*y**3 - 105*y**2 + 141*y + 304. Calculate l(-53).
-4360
Let t(m) = m**3 - 4*m**2 + 18*m - 33. Determine t(2).
-5
Let x(y) = 452*y + 96640. Calculate x(-214).
-88
Let h(i) = -32026*i + 64059. Calculate h(2).
7
Let t(z) = -112*z**3 + 566*z**2 + 565*z - 1. Give t(-1).
112
Let x(b) = 2*b**3 - 1773*b**2 + 2665*b - 8837. What is x(885)?
13
Let w(j) = 272120*j - 27756254. Calculate w(102).
-14
Let l(t) = 1684747*t + 14. Give l(0).
14
Let c(v) = 30*v**2 - 459*v - 77340. Determine c(59).
9
Let y(c) = 5*c**3 - 1030*c**2 + 6966*c - 183. Give y(199).
16
Let b(o) = -18*o**2 + 22872*o + 184125. What is b(-8)?
-3
Let x(z) = 37500*z - 42524991. Determine x(1134).
9
Let p(s) = 516*s - 71064. Calculate p(138).
144
Let m(w) = -2*w**2 - 159*w - 487. Give m(-30).
2483
Let s(u) = u**2 - 317*u + 24071. What is s(126)?
5
Let n(m) = 10*m**2 + 905*m + 277. What is n(-90)?
-173
Let d(j) = -2852*j + 1706. Determine d(0).
1706
Let l(z) = 2*z**3 + 249*z**2 - 119*z + 737. Give l(-125).
-13
Let g(v) = -v**3 - 49*v**2 + 60*v + 2978. Determine g(-49).
38
Let c(g) = -g**2 + 8644*g + 609985. What is c(-70)?
5
Let h(a) = 3*a**3 + 9*a**2 - 1506*a - 166. Calculate h(21).
-40
Let a(k) = -16*k**3 + 184*k**2 + 462*k + 131. Give a(-2).
71
Let r(y) = -842*y**2 + 15977*y + 405. Give r(19).
6
Let s(u) = 8*u**2 - 97*u + 321. What is s(15)?
666
Let m(h) = 7*h**2 + 8289*h - 41616. Give m(5).
4
Let b(r) = -r**2 + 819*r - 122537. Determine b(197).
-3
Let o(z) = -z**3 - 231*z**2 + 24*z + 3271. Calculate o(-231).
-2273
Let w(n) = 23960*n + 11117459. Give w(-464).
19
Let q(v) = 15*v**2 - 106778*v + 106778. What is q(1)?
15
Let p(f) = 10*f**3 - 15*f**2 + 26*f - 48. Determine p(2).
24
Let w(n) = -3*n**3 - 98*n**2 + 98*n + 449. Determine w(-34).
1741
Let q(u) = u**3 - 8*u**2 - 14*u + 41. Give q(-5).
-214
Let a(j) = 552*j**2 + 8897*j - 18698. What is a(-18)?
4
Let h(s) = 1712*s - 251633. Calculate h(147).
31
Let g(s) = 6*s + 903. Determine g(-173).
-135
Let q(k) = -1535*k**2 + 15350*k + 38. Give q(10).
38
Let h(c) = c**2 + 2888*c + 1271456. Determine h(-542).
-76
Let t(u) = 15*u**2 - 829*u + 6030. Determine t(7).
962
Let r(x) = -2*x**2 - 1187*x - 15569. Calculate r(-13).
-476
Let h(m) = -612*m + 3051. W